{"id":4020,"date":"2025-11-21T17:29:28","date_gmt":"2025-11-21T14:29:28","guid":{"rendered":"https:\/\/sosyaluyum.org\/?page_id=4020"},"modified":"2025-11-21T17:33:27","modified_gmt":"2025-11-21T14:33:27","slug":"20-kasim-dunya-cocuk-haklari-gunu-2","status":"publish","type":"page","link":"https:\/\/sosyaluyum.org\/index.php\/20-kasim-dunya-cocuk-haklari-gunu-2\/","title":{"rendered":"20 Kas\u0131m D\u00fcnya \u00c7ocuk Haklar\u0131 G\u00fcn\u00fc"},"content":{"rendered":"\t\t<div data-elementor-type=\"wp-page\" data-elementor-id=\"4020\" class=\"elementor elementor-4020\">\n\t\t\t\t<div class=\"elementor-element elementor-element-656b0429 e-flex e-con-boxed e-con e-parent\" data-id=\"656b0429\" data-element_type=\"container\" data-e-type=\"container\">\n\t\t\t\t\t<div class=\"e-con-inner\">\n\t\t\t\t<div class=\"elementor-element elementor-element-50a00131 elementor-widget elementor-widget-text-editor\" data-id=\"50a00131\" data-element_type=\"widget\" data-e-type=\"widget\" data-widget_type=\"text-editor.default\">\n\t\t\t\t\t\t\t\t\t\n<p>20 Kas\u0131m D\u00fcnya \u00c7ocuk Haklar\u0131 G\u00fcn\u00fc kapsam\u0131nda, \u015eanl\u0131urfa\u2019n\u0131n Haliliye il\u00e7esine ba\u011fl\u0131 Kerimli \u0130lk-Ortaokulu\u2019nda \u00f6\u011frencilerle bir araya gelerek bilin\u00e7lendirme ve fark\u0131ndal\u0131k \u00e7al\u0131\u015fmalar\u0131 ger\u00e7ekle\u015ftirdik.<\/p>\n\n<p>Etkinli\u011fin ilk b\u00f6l\u00fcm\u00fcnde \u00e7ocuklara \u00e7ocuk haklar\u0131 \u00fczerine bilgilendirici sunumlar yap\u0131ld\u0131 ve haklar\u0131n\u0131n fark\u0131nda olmalar\u0131 i\u00e7in interaktif \u00e7al\u0131\u015fmalar d\u00fczenlendi. Ard\u0131ndan \u00f6\u011frenciler, \u201c\u00e7ocuk haklar\u0131\u201d temas\u0131yla ilgili hayallerini ve beklentilerini resimlerle ifade ettiler. Bu at\u00f6lye \u00e7al\u0131\u015fmas\u0131, \u00e7ocuklar\u0131n duygular\u0131n\u0131 \u00f6zg\u00fcrce ortaya koymalar\u0131na imk\u00e2n tan\u0131d\u0131.<\/p>\n\n<p>Etkinli\u011fin devam\u0131nda Yazar Gamze \u00d6zdemir\u2019in 4 Mevsim 4 Kent 4 Ku\u015f kitab\u0131 \u00e7ocuklarla birlikte okunarak \u00fczerine grup sohbeti ger\u00e7ekle\u015ftirildi. Kitaptaki temalar, karakterler ve verilen mesajlar \u00fczerine \u00e7ocuklardan gelen yorumlar dinlendi.<\/p>\n\n<p>Daha sonra, de\u011ferli yazar\u0131m\u0131z Gamze \u00d6zdemir ile \u00e7evrim i\u00e7i bir ba\u011flant\u0131 sa\u011flanarak \u00f6\u011frenciler do\u011frudan yazarla bulu\u015fturuldu. \u00c7ocuklar kitapla ilgili merak ettikleri sorular\u0131 sorma f\u0131rsat\u0131 buldu ve bu canl\u0131 bulu\u015fma onlar i\u00e7in unutulmaz bir deneyime d\u00f6n\u00fc\u015ft\u00fc.<\/p>\n\n<p>Etkinli\u011fimiz kapsam\u0131nda ayr\u0131ca dernek olarak okul k\u00fct\u00fcphanesine kitap deste\u011finde bulunduk, b\u00f6ylece \u00f6\u011frencilerin okuma imk\u00e2nlar\u0131n\u0131 g\u00fc\u00e7lendirmeyi ama\u00e7lad\u0131k.<\/p>\n\n<p>\u00c7ocuklar\u0131n haklar\u0131n\u0131 bilmesi, kendilerini ifade edebilmesi ve hayal g\u00fc\u00e7lerinin desteklenmesi bizim i\u00e7in b\u00fcy\u00fck bir \u00f6nem ta\u015f\u0131yor. Bu anlaml\u0131 g\u00fcnde Kerimli \u0130lk-Ortaokulu\u2019nda \u00e7ocuklarla bulu\u015fmu\u015f olmaktan mutluluk duyuyoruz.<\/p>\n\t\t\t\t\t\t\t\t<\/div>\n\t\t\t\t\t<\/div>\n\t\t\t\t<\/div>\n\t\t<div class=\"elementor-element elementor-element-15d453c e-flex e-con-boxed e-con e-parent\" data-id=\"15d453c\" data-element_type=\"container\" data-e-type=\"container\">\n\t\t\t\t\t<div class=\"e-con-inner\">\n\t\t\t\t<div class=\"elementor-element elementor-element-b0fe828 elementor-widget elementor-widget-image-gallery\" data-id=\"b0fe828\" data-element_type=\"widget\" data-e-type=\"widget\" data-widget_type=\"image-gallery.default\">\n\t\t\t\t\t\t\t<div class=\"elementor-image-gallery\">\n\t\t\t<div id='gallery-1' class='gallery galleryid-4020 gallery-columns-2 gallery-size-full'><figure class='gallery-item'>\n\t\t\t<div class='gallery-icon landscape'>\n\t\t\t\t<a data-elementor-open-lightbox=\"yes\" data-elementor-lightbox-slideshow=\"b0fe828\" data-elementor-lightbox-title=\"1\" data-e-action-hash=\"#elementor-action%3Aaction%3Dlightbox%26settings%3DeyJpZCI6NDAxMSwidXJsIjoiaHR0cHM6XC9cL3Nvc3lhbHV5dW0ub3JnXC93cC1jb250ZW50XC91cGxvYWRzXC8yMDI1XC8xMVwvMS5qcGciLCJzbGlkZXNob3ciOiJiMGZlODI4In0%3D\" href='https:\/\/sosyaluyum.org\/wp-content\/uploads\/2025\/11\/1.jpg'><img fetchpriority=\"high\" decoding=\"async\" width=\"1600\" height=\"1200\" src=\"https:\/\/sosyaluyum.org\/wp-content\/uploads\/2025\/11\/1.jpg\" class=\"attachment-full size-full\" alt=\"\" srcset=\"https:\/\/sosyaluyum.org\/wp-content\/uploads\/2025\/11\/1.jpg 1600w, https:\/\/sosyaluyum.org\/wp-content\/uploads\/2025\/11\/1-300x225.jpg 300w, https:\/\/sosyaluyum.org\/wp-content\/uploads\/2025\/11\/1-1536x1152.jpg 1536w, https:\/\/sosyaluyum.org\/wp-content\/uploads\/2025\/11\/1-600x450.jpg 600w, https:\/\/sosyaluyum.org\/wp-content\/uploads\/2025\/11\/1-1200x900.jpg 1200w\" sizes=\"100vw\" \/><\/a>\n\t\t\t<\/div><\/figure><figure class='gallery-item'>\n\t\t\t<div class='gallery-icon portrait'>\n\t\t\t\t<a data-elementor-open-lightbox=\"yes\" data-elementor-lightbox-slideshow=\"b0fe828\" data-elementor-lightbox-title=\"2\" data-e-action-hash=\"#elementor-action%3Aaction%3Dlightbox%26settings%3DeyJpZCI6NDAxMiwidXJsIjoiaHR0cHM6XC9cL3Nvc3lhbHV5dW0ub3JnXC93cC1jb250ZW50XC91cGxvYWRzXC8yMDI1XC8xMVwvMi5qcGciLCJzbGlkZXNob3ciOiJiMGZlODI4In0%3D\" href='https:\/\/sosyaluyum.org\/wp-content\/uploads\/2025\/11\/2.jpg'><img decoding=\"async\" width=\"1200\" height=\"1600\" src=\"https:\/\/sosyaluyum.org\/wp-content\/uploads\/2025\/11\/2.jpg\" class=\"attachment-full size-full\" alt=\"\" srcset=\"https:\/\/sosyaluyum.org\/wp-content\/uploads\/2025\/11\/2.jpg 1200w, https:\/\/sosyaluyum.org\/wp-content\/uploads\/2025\/11\/2-225x300.jpg 225w\" sizes=\"100vw\" \/><\/a>\n\t\t\t<\/div><\/figure><figure class='gallery-item'>\n\t\t\t<div class='gallery-icon landscape'>\n\t\t\t\t<a data-elementor-open-lightbox=\"yes\" data-elementor-lightbox-slideshow=\"b0fe828\" data-elementor-lightbox-title=\"3\" data-e-action-hash=\"#elementor-action%3Aaction%3Dlightbox%26settings%3DeyJpZCI6NDAxMywidXJsIjoiaHR0cHM6XC9cL3Nvc3lhbHV5dW0ub3JnXC93cC1jb250ZW50XC91cGxvYWRzXC8yMDI1XC8xMVwvMy5qcGciLCJzbGlkZXNob3ciOiJiMGZlODI4In0%3D\" href='https:\/\/sosyaluyum.org\/wp-content\/uploads\/2025\/11\/3.jpg'><img decoding=\"async\" width=\"1600\" height=\"1066\" src=\"https:\/\/sosyaluyum.org\/wp-content\/uploads\/2025\/11\/3.jpg\" class=\"attachment-full size-full\" alt=\"\" srcset=\"https:\/\/sosyaluyum.org\/wp-content\/uploads\/2025\/11\/3.jpg 1600w, https:\/\/sosyaluyum.org\/wp-content\/uploads\/2025\/11\/3-300x200.jpg 300w, https:\/\/sosyaluyum.org\/wp-content\/uploads\/2025\/11\/3-600x400.jpg 600w, https:\/\/sosyaluyum.org\/wp-content\/uploads\/2025\/11\/3-1200x800.jpg 1200w\" sizes=\"100vw\" \/><\/a>\n\t\t\t<\/div><\/figure><figure class='gallery-item'>\n\t\t\t<div class='gallery-icon landscape'>\n\t\t\t\t<a data-elementor-open-lightbox=\"yes\" data-elementor-lightbox-slideshow=\"b0fe828\" data-elementor-lightbox-title=\"4\" data-e-action-hash=\"#elementor-action%3Aaction%3Dlightbox%26settings%3DeyJpZCI6NDAxNCwidXJsIjoiaHR0cHM6XC9cL3Nvc3lhbHV5dW0ub3JnXC93cC1jb250ZW50XC91cGxvYWRzXC8yMDI1XC8xMVwvNC5qcGciLCJzbGlkZXNob3ciOiJiMGZlODI4In0%3D\" href='https:\/\/sosyaluyum.org\/wp-content\/uploads\/2025\/11\/4.jpg'><img loading=\"lazy\" decoding=\"async\" width=\"1600\" height=\"1066\" src=\"https:\/\/sosyaluyum.org\/wp-content\/uploads\/2025\/11\/4.jpg\" class=\"attachment-full size-full\" alt=\"\" srcset=\"https:\/\/sosyaluyum.org\/wp-content\/uploads\/2025\/11\/4.jpg 1600w, https:\/\/sosyaluyum.org\/wp-content\/uploads\/2025\/11\/4-300x200.jpg 300w, https:\/\/sosyaluyum.org\/wp-content\/uploads\/2025\/11\/4-600x400.jpg 600w, https:\/\/sosyaluyum.org\/wp-content\/uploads\/2025\/11\/4-1200x800.jpg 1200w\" sizes=\"100vw\" \/><\/a>\n\t\t\t<\/div><\/figure><figure class='gallery-item'>\n\t\t\t<div class='gallery-icon landscape'>\n\t\t\t\t<a data-elementor-open-lightbox=\"yes\" data-elementor-lightbox-slideshow=\"b0fe828\" data-elementor-lightbox-title=\"5\" data-e-action-hash=\"#elementor-action%3Aaction%3Dlightbox%26settings%3DeyJpZCI6NDAxNSwidXJsIjoiaHR0cHM6XC9cL3Nvc3lhbHV5dW0ub3JnXC93cC1jb250ZW50XC91cGxvYWRzXC8yMDI1XC8xMVwvNS5qcGciLCJzbGlkZXNob3ciOiJiMGZlODI4In0%3D\" href='https:\/\/sosyaluyum.org\/wp-content\/uploads\/2025\/11\/5.jpg'><img loading=\"lazy\" decoding=\"async\" width=\"1600\" height=\"1066\" src=\"https:\/\/sosyaluyum.org\/wp-content\/uploads\/2025\/11\/5.jpg\" class=\"attachment-full size-full\" alt=\"\" srcset=\"https:\/\/sosyaluyum.org\/wp-content\/uploads\/2025\/11\/5.jpg 1600w, https:\/\/sosyaluyum.org\/wp-content\/uploads\/2025\/11\/5-300x200.jpg 300w, https:\/\/sosyaluyum.org\/wp-content\/uploads\/2025\/11\/5-600x400.jpg 600w, https:\/\/sosyaluyum.org\/wp-content\/uploads\/2025\/11\/5-1200x800.jpg 1200w\" sizes=\"100vw\" \/><\/a>\n\t\t\t<\/div><\/figure><figure class='gallery-item'>\n\t\t\t<div class='gallery-icon landscape'>\n\t\t\t\t<a data-elementor-open-lightbox=\"yes\" data-elementor-lightbox-slideshow=\"b0fe828\" data-elementor-lightbox-title=\"6\" data-e-action-hash=\"#elementor-action%3Aaction%3Dlightbox%26settings%3DeyJpZCI6NDAxNiwidXJsIjoiaHR0cHM6XC9cL3Nvc3lhbHV5dW0ub3JnXC93cC1jb250ZW50XC91cGxvYWRzXC8yMDI1XC8xMVwvNi5qcGciLCJzbGlkZXNob3ciOiJiMGZlODI4In0%3D\" href='https:\/\/sosyaluyum.org\/wp-content\/uploads\/2025\/11\/6.jpg'><img loading=\"lazy\" decoding=\"async\" width=\"1600\" height=\"1066\" src=\"https:\/\/sosyaluyum.org\/wp-content\/uploads\/2025\/11\/6.jpg\" class=\"attachment-full size-full\" alt=\"\" srcset=\"https:\/\/sosyaluyum.org\/wp-content\/uploads\/2025\/11\/6.jpg 1600w, https:\/\/sosyaluyum.org\/wp-content\/uploads\/2025\/11\/6-300x200.jpg 300w, https:\/\/sosyaluyum.org\/wp-content\/uploads\/2025\/11\/6-600x400.jpg 600w, https:\/\/sosyaluyum.org\/wp-content\/uploads\/2025\/11\/6-1200x800.jpg 1200w\" sizes=\"100vw\" \/><\/a>\n\t\t\t<\/div><\/figure>\n\t\t<\/div>\n\t\t<\/div>\n\t\t\t\t\t\t<\/div>\n\t\t\t\t\t<\/div>\n\t\t\t\t<\/div>\n\t\t\t\t<\/div>\n\t\t","protected":false},"excerpt":{"rendered":"<p>20 Kas\u0131m D\u00fcnya \u00c7ocuk Haklar\u0131 G\u00fcn\u00fc kapsam\u0131nda, \u015eanl\u0131urfa\u2019n\u0131n Haliliye il\u00e7esine ba\u011fl\u0131 Kerimli \u0130lk-Ortaokulu\u2019nda \u00f6\u011frencilerle bir araya gelerek bilin\u00e7lendirme ve fark\u0131ndal\u0131k \u00e7al\u0131\u015fmalar\u0131 ger\u00e7ekle\u015ftirdik. Etkinli\u011fin ilk b\u00f6l\u00fcm\u00fcnde \u00e7ocuklara \u00e7ocuk haklar\u0131 \u00fczerine bilgilendirici sunumlar yap\u0131ld\u0131 ve haklar\u0131n\u0131n fark\u0131nda olmalar\u0131 i\u00e7in interaktif \u00e7al\u0131\u015fmalar d\u00fczenlendi. Ard\u0131ndan \u00f6\u011frenciler, \u201c\u00e7ocuk haklar\u0131\u201d temas\u0131yla ilgili hayallerini ve beklentilerini resimlerle ifade ettiler. Bu at\u00f6lye \u00e7al\u0131\u015fmas\u0131, &hellip; <\/p>\n<p class=\"link-more\"><a href=\"https:\/\/sosyaluyum.org\/index.php\/20-kasim-dunya-cocuk-haklari-gunu-2\/\" class=\"more-link\">Read more<span class=\"screen-reader-text\"> &#8220;20 Kas\u0131m D\u00fcnya \u00c7ocuk Haklar\u0131 G\u00fcn\u00fc&#8221;<\/span><\/a><\/p>\n","protected":false},"author":5,"featured_media":0,"parent":0,"menu_order":0,"comment_status":"closed","ping_status":"closed","template":"","meta":{"footnotes":""},"class_list":["post-4020","page","type-page","status-publish","hentry"],"featured_media_urls":[],"_links":{"self":[{"href":"https:\/\/sosyaluyum.org\/index.php\/wp-json\/wp\/v2\/pages\/4020","targetHints":{"allow":["GET"]}}],"collection":[{"href":"https:\/\/sosyaluyum.org\/index.php\/wp-json\/wp\/v2\/pages"}],"about":[{"href":"https:\/\/sosyaluyum.org\/index.php\/wp-json\/wp\/v2\/types\/page"}],"author":[{"embeddable":true,"href":"https:\/\/sosyaluyum.org\/index.php\/wp-json\/wp\/v2\/users\/5"}],"replies":[{"embeddable":true,"href":"https:\/\/sosyaluyum.org\/index.php\/wp-json\/wp\/v2\/comments?post=4020"}],"version-history":[{"count":8,"href":"https:\/\/sosyaluyum.org\/index.php\/wp-json\/wp\/v2\/pages\/4020\/revisions"}],"predecessor-version":[{"id":4032,"href":"https:\/\/sosyaluyum.org\/index.php\/wp-json\/wp\/v2\/pages\/4020\/revisions\/4032"}],"wp:attachment":[{"href":"https:\/\/sosyaluyum.org\/index.php\/wp-json\/wp\/v2\/media?parent=4020"}],"curies":[{"name":"wp","href":"https:\/\/api.w.org\/{rel}","templated":true}]}}